he greatest common divisor of t and 2?
1
Let q(t) = t**3 - 4*t**2 - 12*t + 6. Let x(n) = 3*n - 6. Let w be x(4). Let m be q(w). Calculate the greatest common factor of 42 and m.
6
Let h be (-3)/2*(-1056)/36. Let r = h + -21. Suppose 3*u - r = k - 6*k, 5*k + 41 = u. What is the greatest common factor of u and 8?
8
Suppose -4*l + 12 = -84. Suppose y - 6*y + 100 = 0. Suppose -2*r = 4*g - y, -7*r - 4*g = -2*r - 38. Calculate the highest common divisor of l and r.
6
Suppose -27 = -56*q + 477. What is the highest common factor of q and 657?
9
Let j(d) = -4*d**2 + 6*d**2 - 8 - 14*d - d - 3*d**2. Let z be j(-11). Suppose 0*v - z = -2*v. What is the greatest common divisor of v and 12?
6
Let f be (216 - (-5 + 1))*1. Suppose f = 14*v - 13*v. Let x(n) = n**3 + 4*n**2 - 5*n - 4. Let l be x(-3). What is the highest common factor of l and v?
20
Let t = 117 - 73. Suppose -8*k = -28 - t. Calculate the highest common divisor of k and 6.
3
Let k(g) = -2*g**3 - 2*g**2 - 3*g. Let x be k(-1). What is the highest common divisor of x and 249?
3
Let k be 45/(-6)*180/(-15). Calculate the highest common divisor of k and 306.
18
Let d(w) = 2*w**2 + 4*w + 4. Let i = 1 + -4. Let j be d(i). Let y = -91 - -106. What is the greatest common divisor of y and j?
5
Let c(x) = -x + 2. Let l be c(0). Suppose -3*i + l = -2*i + 3*y, 0 = -4*y. Let o be (-35 - -13)/(-1*i). What is the highest common divisor of 22 and o?
11
Let p be 2/4 + 158/4. Suppose -2*q - w + 41 = -0*q, 4*w = 12. Suppose -14*v = -q*v + 25. What is the highest common divisor of v and p?
5
Let i = 205 - 193. Suppose 0 = 4*w - 112 - 80. Calculate the greatest common factor of w and i.
12
Suppose 3*k + y + y = 7, -5*y = 20. Suppose -104 = -k*s + 171. Suppose -10*a + 41 = -69. Calculate the highest common factor of a and s.
11
Let y(o) = o**2 - 15*o + 24. Let w be y(13). Let s be w*(-4)/(-8) + 4. Calculate the greatest common factor of s and 6.
3
Let k(j) = 287*j**2 - 35*j + 36. Let f be k(1). Calculate the greatest common factor of f and 48.
48
Let x(n) = -5*n**3 - 7*n**2 + 4*n - 4. Let r be x(-4). What is the greatest common factor of 12 and r?
4
Let g be (-1)/(-4) - 39/(-4). Let r = g + -4. Suppose n - 5*u = -n + 34, 0 = -4*n - 4*u + 40. Calculate the highest common divisor of r and n.
6
Suppose -s + 3*v + 2 = 0, 16 = s - 4*v + 8*v. Calculate the greatest common divisor of 128 and s.
8
Suppose 12 = 4*r - 4*g, 4*r + 4*g - 8 - 12 = 0. Let s(l) = -3*l - 10. Let x be s(-4). Suppose -96 = x*y - 8*y. Calculate the greatest common factor of y and r.
4
Let x be (-3 - (-34)/(-8)) + 9/36 - -18. Let l = 57 + 64. What is the highest common divisor of x and l?
11
Suppose 3*b - 3 = 12. Suppose -4*z - b*r = -35, -3 - 13 = -2*z - 4*r. Calculate the greatest common divisor of 10 and z.
10
Suppose 5*w = 3*w - 102. Let n be 2/(-3) + w/(-9). What is the greatest common factor of 10 and n?
5
Let l(j) = -4*j**2 - 16*j + 5. Let d be l(-3). Let z be ((-1291 - 1)/(-4))/(1 - 0). What is the greatest common divisor of d and z?
17
Let a(g) = -g**2 + 14*g + 30. Let t be a(15). Suppose -t*l + 9*l = -168. What is the greatest common divisor of 56 and l?
28
Suppose -4*f = -3*f + 3. Let q be (f + 63/15)*90. What is the highest common divisor of q and 12?
12
Suppose 3*n + 63 = 198. Let x be n/(-6)*24/(-15). What is the greatest common divisor of 48 and x?
12
Suppose -42 = -3*m + 70*n - 66*n, 5*m - 2*n = 70. Calculate the highest common divisor of m and 98.
14
Let b = -284 - -458. What is the greatest common factor of 232 and b?
58
Let p(r) = -2*r**2 - 7*r + 4. Let l be p(-4). Let h be 9/12*7*16. Suppose -u + h + 41 = l. Calculate the greatest common divisor of 50 and u.
25
Suppose -21*n = -78*n + 3249. What is the greatest common factor of n and 76?
19
Let z be (-6)/(-4) - (-69)/(-6). Let p be (-3)/15 - 42/z. Suppose -g = 5*t - 43, -5*g + 93 = p*t - 38. Calculate the highest common divisor of g and 184.
23
Let a(d) = 4 + 3*d - 1 + 2*d + 0. Let o be a(5). Let z(b) = -5*b - 41. Let l be z(-11). Calculate the greatest common factor of l and o.
14
Let j = 742 - 490. Suppose -2*a - 4*m = 3*a - j, 4*a + 3*m - 202 = 0. Calculate the highest common factor of a and 78.
26
Suppose -61*a - 5*t + 218 = -58*a, 2*a + 5*t - 142 = 0. Let y(g) = 16*g + 2. Let z be y(7). Calculate the highest common factor of a and z.
38
Let k = -361 - -252. Let s = k - -219. Let q(w) = -w**3 - 8*w**2 - 8*w + 3. Let h be q(-7). What is the greatest common divisor of h and s?
10
Let n be -3 - (-3 - -395)/(-4). What is the greatest common factor of 133 and n?
19
Let f(l) = l**3 + 12*l**2 + 10*l - 8. Suppose 0 = -4*n - 0*n - 2*s - 36, 4*n = -5*s - 24. Let p be f(n). Calculate the highest common divisor of 12 and p.
3
Let c = 20 - 2. Let y(o) = o**2 - 2*o + 27. Let b(i) = -2*i - 8. Let f be b(-4). Let d be y(f). What is the highest common divisor of d and c?
9
Let q = 100 + -91. Let k be 250/q - (-2)/9. What is the greatest common factor of k and 98?
14
Let x(l) = 11*l**2 - 5*l - 9. Let o be x(-2). Calculate the greatest common factor of o and 63.
9
Suppose -9*a = -18*a + 396. Calculate the greatest common factor of 671 and a.
11
Let q(x) = 22*x**2 + 2. Let d be q(2). Let i be 70/9 - 10/(-45). Let m(a) = -a**2 + 10*a - 6. Let n be m(i). What is the greatest common divisor of n and d?
10
Let z(r) = 7*r - 15. Let f(l) = -12*l + 29. Let s(c) = 3*f(c) + 5*z(c). Let q be s(10). Calculate the greatest common factor of 6 and q.
2
Let p be (16/6)/((-4)/(-6)). Suppose 0*v + 52 = 4*v - 3*z, -5*v + p*z = -66. Let a = 188 - 108. Calculate the highest common factor of a and v.
10
Let y(j) = -j**2 + 13*j - 2. Let x be y(6). Let n(s) = -s**2 - 71*s + 320. Let h be n(-75). Calculate the highest common divisor of x and h.
20
Suppose 16*b + z = 11*b + 270, 0 = b - 2*z - 43. Calculate the greatest common divisor of 1643 and b.
53
Suppose x - 12 - 8 = -5*v, -25 = -2*x - 5*v. Suppose -2*u = 3*u + 5*y - 80, 0 = -4*u - x*y + 67. Calculate the greatest common divisor of u and 91.
13
Let t = 60 + -42. Let a be (-15)/2 - (-12)/(-8). Let b = t + a. What is the highest common divisor of 27 and b?
9
Let k = 4 - -19. Let u = -74 - -437. Suppose -5*z = 4*y - u, 2*y - z = -y + 277. Calculate the highest common divisor of k and y.
23
Let l = -154 + 163. Calculate the greatest common factor of l and 144.
9
Let m be (-17 - 4/2)/(59/(-118)). Calculate the greatest common factor of 399 and m.
19
Suppose 20 - 23 = -f, -2*x = -2*f - 1850. What is the greatest common factor of 58 and x?
58
Let x(i) = -i**3 + 5*i**2 + i + 1. Let o be x(5). Suppose -4*r - 3*v + 8*v = -2, -3*r + 15 = 3*v. What is the highest common divisor of r and o?
3
Let k = -6 + 12. Let d be (k/9)/(1/6). Calculate the highest common factor of 44 and d.
4
Let d = -4 - -10. Let c be (-8)/d*-3 + 4/(-2). Calculate the greatest common factor of c and 10.
2
Let t be 40/15*(-1 + 31). Let d = 215 - t. Calculate the greatest common divisor of 54 and d.
27
Suppose 3*c - 146 = -47. Let a be -5 - (-5)/((-45)/(-72)). Calculate the highest common divisor of c and a.
3
Let b(c) = -29*c - 6. Let m = 0 - -30. Suppose -5*h + 0*h - m = 0. Let i be b(h). What is the highest common factor of i and 21?
21
Let z(x) = -x**2 - 13*x + 123. Let o be z(-19). Calculate the highest common divisor of 576 and o.
9
Suppose 20*b - 4*b = 160. What is the greatest common factor of 10 and b?
10
Let n(a) = -a + 4. Let q be n(0). Let v(w) = -w**3 - 5*w**2 + 3*w + 18. Let f be v(-6). Calculate the highest common divisor of f and q.
4
Let h = 509 + -475. What is the highest common divisor of h and 119?
17
Let u(p) = 4*p - 6. Let b(n) = -4*n + 5. Let s(z) = -4*b(z) - 3*u(z). Let k be s(4). What is the greatest common factor of k and 7?
7
Let p(f) = -6*f + 48. Let a be p(8). Let y = -4 + 6. Let v be a/y + (2 - -2). Calculate the highest common divisor of v and 4.
4
Let l = -16 + 24. Let o be 26 - (-1)/(33/(-6) + 5). Calculate the greatest common divisor of l and o.
8
Let v(i) = -i - 1. Let y(r) = 8*r + 2. Let s = -7 + 6. Let m(h) = s*y(h) - 10*v(h). Let b be m(5). Calculate the highest common factor of 18 and b.
18
Let l(z) = 124*z**2 - 3*z + 3. Let c be l(1). Calculate the highest common factor of 62 and c.
62
Let l be ((-35)/3)/(((-130)/(-60))/(-13)). Calculate the greatest common factor of 42 